 -8*p**2 + 3*p. Give r(2).
-26
Let w(h) = 2*h + 9. Give w(5).
19
Let r(s) = 6*s + 17. What is r(-5)?
-13
Let k(p) = -p**2 + 7*p - 14. Determine k(4).
-2
Let t(j) = -2*j**3 + 5*j**2 - 14*j + 29. Determine t(4).
-75
Let t(n) = -11*n - 195. Calculate t(-19).
14
Let v(a) = 3*a - 38. What is v(6)?
-20
Let r(x) = x**3 - 8*x**2 - 15*x + 20. Give r(9).
-34
Let m(s) = s**3 - 8*s**2 + 5*s + 6. What is m(7)?
-8
Let x(f) = f + 32. Give x(-10).
22
Let i(x) = -x**3 - 5*x**2 + 46*x + 6. Determine i(5).
-14
Let o(m) = m**3 - 24*m**2 + 23*m + 47. Determine o(23).
47
Let m(q) = -8*q - 28. Calculate m(-3).
-4
Let r(o) = -61*o**2 - 1. Give r(1).
-62
Let y(d) = d + 1. What is y(-2)?
-1
Let w(s) = s**3 + 13*s**2 + 13*s + 16. Calculate w(-12).
4
Let v(o) = -13*o - 53. Calculate v(-4).
-1
Let f(b) = -15*b - 296. Give f(-20).
4
Let l(s) = s**3 + 12*s**2 + 26*s - 12. Give l(-9).
-3
Let d(u) = u**2 + 27*u + 51. What is d(-25)?
1
Let p(i) = 3*i - 96. Give p(32).
0
Let i(t) = -2*t + 13. What is i(5)?
3
Let b(g) = 3*g + 5. Calculate b(-7).
-16
Let k(p) = -5*p + 4. What is k(0)?
4
Let y(q) = -5*q**2 + q. Give y(1).
-4
Let c(n) = -6*n + 7. Calculate c(3).
-11
Let i(y) = -9*y + 26. Give i(3).
-1
Let h(i) = -i**3 - 9*i**2 + 35*i - 11. Calculate h(-12).
1
Let g(y) = -y**2 - 2*y + 58. Calculate g(-8).
10
Let l(w) = -w - 5. Determine l(-1).
-4
Let z(a) = -28*a**3 - a**2 + 3*a - 1. Determine z(1).
-27
Let q(c) = -9*c - 24. What is q(-2)?
-6
Let j(q) = -q**2 - 15*q + 13. Calculate j(-14).
27
Let d(z) = 5*z - 5. Determine d(-2).
-15
Let l(f) = 17*f + 118. Calculate l(-7).
-1
Let c(i) = -i**3 - 2*i**2 + 8*i. Determine c(-4).
0
Let w(h) = -h**3 - 15*h**2 + 3*h + 53. Calculate w(-15).
8
Let x(c) = -c**2 - 5*c - 2. Determine x(-4).
2
Let f(d) = d**3 + 13*d**2 - 19. Calculate f(-13).
-19
Let q(h) = 3*h + 1. What is q(1)?
4
Let m(h) = -2*h**2 - 9*h + 7. What is m(-6)?
-11
Let f(a) = 6*a**3 - 4*a**2 - a + 4. Calculate f(-2).
-58
Let w(n) = -n**2 + 10*n + 35. Calculate w(13).
-4
Let k(s) = s**3 - 3*s**2 - 3*s. Calculate k(4).
4
Let p(l) = 9*l - 2. What is p(-2)?
-20
Let y(n) = 7*n**2 - 3*n - 5. Determine y(-2).
29
Let q(c) = -c - 1. Determine q(-1).
0
Let q(z) = 6*z - 15. Give q(3).
3
Let k(z) = 6*z + 1. Calculate k(1).
7
Let h(o) = o**3 + 9*o**2 + 5*o + 8. Determine h(-7).
71
Let h(c) = -c**3 + 7*c**2 - 9*c + 4. What is h(7)?
-59
Let z(k) = k**2 - 8*k + 2. Determine z(6).
-10
Let j(m) = m**3 - m**2 - 2. What is j(3)?
16
Let w(z) = z. Give w(-2).
-2
Let x(s) = 10*s + 3. Give x(-2).
-17
Let o(l) = 26*l - 272. What is o(11)?
14
Let k(y) = 41*y + 323. Determine k(-8).
-5
Let p(b) = -b**3 + 5*b**2 - 2. What is p(5)?
-2
Let p(z) = z**2 + 9*z + 26. What is p(-9)?
26
Let x(y) = -3*y**3 + 2*y**2 + 3*y - 1. Calculate x(-2).
25
Let w(q) = q**2 + 13*q - 6. Calculate w(-12).
-18
Let l(b) = -b**3 - 9*b**2 + 21*b - 16. Calculate l(-11).
-5
Let d(x) = x**2 - 17*x + 20. Give d(15).
-10
Let c(f) = 13*f**2 - 6. Give c(-2).
46
Let x(t) = -4*t**2 - 2*t + 18. Determine x(3).
-24
Let j(p) = p**3 - 6*p**2 - 2*p + 36. Give j(4).
-4
Let w(n) = -9*n + 183. What is w(20)?
3
Let y(p) = p**2 + 29*p - 1. What is y(-6)?
-139
Let i(t) = -t**3 - 11*t**2 + 10*t - 6. Give i(-12).
18
Let h(r) = -75*r. What is h(-1)?
75
Let g(t) = 11*t**2 + 4*t - 1. Give g(2).
51
Let i(f) = -f**3 - 9*f**2 - 15*f + 12. Determine i(-6).
-6
Let n(j) = 18*j - 3. Give n(-1).
-21
Let k(b) = -100*b. Calculate k(-1).
100
Let k(b) = -6*b**2 + 6*b + 5. What is k(-3)?
-67
Let p(q) = 5*q**2 - 78*q + 18. Calculate p(15).
-27
Let y(o) = 3*o**2 - 2*o. Calculate y(-2).
16
Let j(r) = -r**3 + 5*r**2 + 8*r - 8. Calculate j(7).
-50
Let k(g) = g**3 + 14*g**2 - 17*g + 1. Calculate k(-15).
31
Let u(f) = 15*f + 219. What is u(-14)?
9
Let l(d) = d**3 - 11*d**2 + d + 8. Calculate l(11).
19
Let u(a) = a**3 + 5*a**2 + 9*a + 15. Determine u(-4).
-5
Let c(b) = 2*b**2 + 47*b + 24. What is c(-23)?
1
Let v(d) = -15*d**3 - 2*d**2 + 2*d + 2. Give v(-2).
110
Let i(g) = -g**2 + 21*g + 44. Give i(23).
-2
Let w(k) = -k**3 - 53*k**2 + 168*k + 4. Determine w(-56).
4
Let t(h) = 3*h + 66. Calculate t(-24).
-6
Let l(o) = 11*o**3 - 33*o**2 + 2. What is l(3)?
2
Let l(g) = 2*g - 24. Give l(10).
-4
Let m(l) = -4*l**2 - l - 2. Determine m(2).
-20
Let v(z) = -z**3 + 17*z**2 - 14*z + 9. Give v(16).
41
Let z(k) = k**3 - k**2 + k - 65. Calculate z(0).
-65
Let w(u) = u**2 + u - 3. Determine w(3).
9
Let p(l) = 28*l - 152. Give p(5).
-12
Let l(z) = -5*z**2 - 100*z - 18. Calculate l(-20).
-18
Let h(x) = x - 2. What is h(5)?
3
Let w(f) = -15*f**3 - 5*f**2 + 3*f - 4. What is w(2)?
-138
Let u(t) = t**2 + 5*t - 7. Determine u(-7).
7
Let r(f) = -f**3 + 12*f**2 - 4*f + 6. Calculate r(12).
-42
Let a(p) = -12*p. Determine a(-1).
12
Let t(n) = -n**2 - 10*n - 15. What is t(-9)?
-6
Let b(y) = 6*y + 26. Calculate b(-8).
-22
Let p(w) = w**3 - 8*w**2 + w - 1. Determine p(8).
7
Let c(o) = -3*o + 14. What is c(-6)?
32
Let f(n) = -28*n**3 - 2*n**2 + 3*n. Give f(1).
-27
Let k(y) = -y**2 + 7*y + 88. Determine k(-6).
10
Let b(u) = 10*u - 11. Calculate b(5).
39
Let o(m) = -m**3 - 6*m**2 - 8*m - 1. Give o(-4).
-1
Let v(x) = x**3 - 7*x**2 + 6*x - 12. What is v(6)?
-12
Let d(j) = j**3 + 20*j**2 - 20*j + 20. Give d(-21).
-1
Let u(x) = 2*x**3 - 2*x**2 + x - 5. Determine u(0).
-5
Let g(u) = 3*u**3 + 22*u**2 - 16*u + 13. Calculate g(-8).
13
Let z(b) = -b**3 + 10*b**2 + 24*b - 23. What is z(12)?
-23
Let g(d) = d**3 - 6*d**2 + 4*d + 5. Determine g(4).
-11
Let g(u) = 2*u**2 + 30*u - 78. Determine g(-17).
-10
Let v(p) = -p**2 - p + 34. Determine v(5).
4
Let f(m) = m**3 - 4*m**2 - 2*m - 6. Give f(5).
9
Let n(x) = 2*x - 1. Calculate n(4).
7
Let v(d) = d**3 + 7*d**2 - 4*d + 5. What is v(-8)?
-27
Let t(d) = 4*d - 23. Calculate t(7).
5
Let i(v) = -v**2 + 24*v - 95. Give i(5).
0
Let u(h) = -h**3 + 10*h**2 - 10*h + 5. Give u(9).
-4
Let r(n) = -11*n + 14. Determine r(-8).
102
Let z(y) = y - 2. What is z(-2)?
-4
Let r(h) = -11*h**3 + h**2 - 2*h - 2. What is r(-1)?
12
Let h(j) = 17*j + 14. Determine h(-2).
-20
Let d(i) = i**2 + 4*i - 2. Calculate d(-2).
-6
Let h(k) = -2*k**3 - 9*k**2 - 14*k - 3. Determine h(-2).
5
Let t(s) = -73*s + 1024. Calculate t(14).
2
Let y(k) = -2*k - 37. Give y(-18).
-1
Let p(c) = -c**2 - 20*c - 68. Give p(-16).
-4
Let m(y) = 3*y**3 + 8*y**2 + 8*y + 6. Determine m(-2).
-2
Let d(i) = i**3 + 8*i**2 - 3*i + 6. Calculate d(-7).
76
Let h(c) = 3*c**2 + 16*c + 11. Determine h(-7).
46
Let o(x) = 4*x**2 + 17*x. Calculate o(-5).
15
Let r(f) = 20*f**3 + f**2 - 2*f - 1. Give r(-1).
-18
Let v(n) = -n - 34. What is v(-40)?
6
Let i(a) = -7*a - 3. What is i(3)?
-24
Let v(i) = i**3 - 13*i**2 + 10*i + 14. What is v(12)?
-10
Let j(o) = 4*o + 46. Determine j(24).
142
Let f(x) = 2*x**2 + 37*x - 103. What is f(-21)?
2
Let i(z) = 3*z**2 + 25*z. Calculate i(-8).
-8
Let d(x) = x**3 + 2*x + 24. Give d(-3).
-9
Let c(d) = -4*d**2 - 48*d + 3. Calculate c(-12).
3
Let x(v) = 2*v**2 + 20*v + 11. What is x(-9)?
-7
Let p(n) = -n**3 + 4*n**2 + 2*n + 18. Determine p(0).
18
Let n(i) = i**3 + 9*i**2 - 9*i + 12. Give n(-10).
2
Let u(v) = v - 13. Determine u(13).
0
Let p(r) = 7*r**3 + 2*r**2 + 5*r + 2. Give p(-2).
-56
Let y(b) = -b**3 + 9*b**2 + 4*b + 2. Give y(9).
38
Let y(g) = -3*g**3 - 15*g**2 - 8*g + 4. Give y(-4).
-12
Let j(s) = -s**2 - 10*s - 2. What is j(-5)?
23
Let o(l) = 10*l**2 - 3*l. Determine o(2).
34
Let h(o) = 2*o - 36. Calculate h(22).
8
Let a(u) = -u**3 + 3*u**2 - 10*u + 19. Give a(3).
-11
Let v(p) = -62*p - 744. Determine v(-12).
0
Let i(w) = 25*w**3 + w**2 - w - 2. What is i(-1)?
-25
Let a(q) = q**3 - 32*q**2 - 33*q + 14. Calculate a(33).
14
Let a(u) = -u - 5. Calculate a(9).
-14
Let k(j) = -56*j + 276. What is k(5)?
-4
Let p(f) = f**2 + 12*f - 1. Calculate p(-9).
-28
Let g(r) = -2*r - 11. What is g(-6)?
1
Let k(i) = -2*i - 5. Give k(26).
-57
Let o(c) = 3*c**2 + 29*c + 1. Determine o(-10).
11
Let o(s) = -2*s**2 - s - 1. Give o(-2).
-7
Let y(t) = -t**3 + 4*t**2 - 3*t - 1. Determine y(4).
-13
Let w(i) = i**3 - 13*i**2 + 15*i - 39. Calculate w(12).
-3
Let u(k) = k**3 + 11*k**2 + 13*k + 23. Calculate u(-10).
-7
Let y(a) = -a**3 + 5*a**2 + 25*a - 9. Give y(8).
-1
Let k(z) = 48*z + 223. Determine k(-5).
-17
Let o(g) = -g**3 + 13*g**2 + 20*g + 152. Give o(15).
2
Let j(a) = a + 1. Calculate j(-9).
-8
Let z(r) = -r**2 - 5*r + 9. What is z(3)